818?
7
What is the hundred millions digit of 2132056957?
1
What is the millions digit of 68387597?
8
What is the ten millions digit of 921619689?
2
What is the units digit of 33523652?
2
What is the units digit of 544059062?
2
What is the hundreds digit of 453961895?
8
What is the ten millions digit of 65020003?
6
What is the hundred millions digit of 5754612215?
7
What is the ten thousands digit of 127913704?
1
What is the tens digit of 1409784624?
2
What is the units digit of 571777845?
5
What is the billions digit of 3076442899?
3
What is the millions digit of 852690176?
2
What is the ten thousands digit of 80123532?
2
What is the hundred millions digit of 2886140932?
8
What is the units digit of 118432073?
3
What is the ten millions digit of 136533398?
3
What is the ten thousands digit of 7547852?
4
What is the ten thousands digit of 1192326727?
2
What is the ten thousands digit of 3294030568?
3
What is the hundred thousands digit of 122085824?
0
What is the hundred millions digit of 226904188?
2
What is the units digit of 48115943?
3
What is the hundred thousands digit of 678295326?
2
What is the units digit of 83244019?
9
What is the tens digit of 341393246?
4
What is the thousands digit of 92868333?
8
What is the units digit of 1281976294?
4
What is the tens digit of 1146870652?
5
What is the thousands digit of 89671258?
1
What is the hundreds digit of 3320847727?
7
What is the ten millions digit of 6914259231?
1
What is the millions digit of 4195786272?
5
What is the hundred thousands digit of 37895785?
8
What is the hundred millions digit of 196730542?
1
What is the hundred millions digit of 354229890?
3
What is the ten thousands digit of 101356454?
5
What is the ten thousands digit of 288725656?
2
What is the tens digit of 826218545?
4
What is the hundred thousands digit of 20414975?
4
What is the ten thousands digit of 947991222?
9
What is the thousands digit of 3862102101?
2
What is the millions digit of 1009262569?
9
What is the units digit of 5823616825?
5
What is the hundreds digit of 537817936?
9
What is the ten thousands digit of 40042663?
4
What is the units digit of 223256373?
3
What is the tens digit of 21434656?
5
What is the millions digit of 20638734?
0
What is the tens digit of 537373047?
4
What is the hundred thousands digit of 682944361?
9
What is the millions digit of 19329188?
9
What is the hundred millions digit of 316437418?
3
What is the units digit of 94011233?
3
What is the tens digit of 665064?
6
What is the ten millions digit of 298141614?
9
What is the ten thousands digit of 538172690?
7
What is the tens digit of 27532612?
1
What is the units digit of 18691579?
9
What is the thousands digit of 1835387389?
7
What is the millions digit of 112923235?
2
What is the thousands digit of 583031615?
1
What is the hundred millions digit of 800334413?
8
What is the millions digit of 692744361?
2
What is the hundred millions digit of 691627348?
6
What is the thousands digit of 429369031?
9
What is the tens digit of 7538122?
2
What is the ten millions digit of 2304269687?
0
What is the hundreds digit of 225045837?
8
What is the hundred thousands digit of 129218681?
2
What is the billions digit of 3290937768?
3
What is the hundred thousands digit of 405840044?
8
What is the ten thousands digit of 19631703?
3
What is the hundred millions digit of 152709326?
1
What is the thousands digit of 686644792?
4
What is the ten thousands digit of 151907002?
0
What is the hundred millions digit of 331113122?
3
What is the hundred millions digit of 618345790?
6
What is the hundreds digit of 679005759?
7
What is the ten millions digit of 304874700?
0
What is the tens digit of 18312110?
1
What is the thousands digit of 3833096?
3
What is the millions digit of 14392304?
4
What is the thousands digit of 60055298?
5
What is the units digit of 255966185?
5
What is the billions digit of 4896739094?
4
What is the tens digit of 1628938842?
4
What is the ten thousands digit of 38302219?
0
What is the thousands digit of 1729039234?
9
What is the ten millions digit of 1850922866?
5
What is the units digit of 603052650?
0
What is the units digit of 543210967?
7
What is the ten millions digit of 916989935?
1
What is the hundreds digit of 75413203?
2
What is the hundred thousands digit of 496930259?
9
What is the ten millions digit of 1328364214?
2
What is the millions digit of 601274101?
1
What is the thousands digit of 91231228?
1
What is the ten millions digit of 1429823606?
2
What is the hundred thousands digit of 293007295?
0
What is the hundreds digit of 6896469458?
4
What is the hundred thousands digit of 617658281?
6
What is the ten millions digit of 111192268?
1
What is the ten millions digit of 59411056?
5
What is the hundred millions digit of 185793673?
1
What is the hundred thousands digit of 95320904?
3
What is the hundred thousands digit of 388419760?
4
What is the hundreds digit of 94830658?
6
What is the units digit of 4292900717?
7
What is the thousands digit of 2230019670?
9
What is the hundred millions digit of 675061333?
6
What is the ten thousands digit of 45681951?
8
What is the ten millions digit of 3271983416?
7
What is the units digit of 28530100?
0
What is the millions digit of 59023711?
9
What is the hundred millions digit of 532408325?
5
What is the billions digit of 1512056225?
1
What is the units digit of 83279015?
5
What is the thousands digit of 12564225?
4
What is the units digit of 113934172?
2
What is the thousands digit of 9327000?
7
What is the ten millions digit of 893175100?
9
What is the tens digit of 16895354?
5
What is the millions digit of 101107912?
1
What is the millions digit of 42804132?
2
What is the thousands digit of 230345953?
5
What is the millions digit of 245128404?
5
What is the ten thousands digit of 44284134?
8
What is the tens digit of 14989530?
3
What is the millions digit of 8568079?
8
What is the thousands digit of 51963721?
3
What is the millions digit of 524231539?
4
What is the ten thousands digit of 115093651?
9
What is the millions digit of 2623630043?
3
What is the ten thousands digit of 3124735391?
3
What is the units digit of 114739145?
5
What is the hundreds digit of 98548891?
8
What is the ten millions digit of 30100339?
3
What is the hundred thousands digit of 1741857501?
8
What is the thousands digit of 30906882?
6
What is the hundred thousands digit of 1424884131?
8
What is the units digit of 79338616?
6
What is the units digit of 810764126?
6
What is the hundreds digit of 1438149423?
4
What is the billions digit of 1699283819?
1
What is the hundred millions digit of 374738459?
3
What is the thousands digit of 2923520217?
0
What is the hundred millions digit of 3585309358?
5
What is the units digit of 66686377?
7
What is the units digit of 195214575?
5
What is the ten millions digit of 231344876?
3
What is the millions digit of 365786608?
5
What is the units digit of 18196105?
5
What is the millions digit of 88632861?
8
What is the thousands digit of 1002494811?
4
What is the hundred thousands digit of 23254175?
2
What is the tens digit of 395374128?
2
What is the hundreds digit of 16210655?
6
What is the millions digit of 57325651?
7
What is the thousands digit of 12491634?
1
What is the hundred millions digit of 505120672?
5
What is the hundreds digit of 520393639?
6
What is the ten millions digit of 55994440?
5
What is the tens digit of 7334351?
5
What is the ten millions digit of 64050977?
6
What is the millions digit of 38240083?
8
What is the units digit of 2518051620?
0
What is the ten millions digit of 1416107299?
1
What is the millions digit of 67228985?
7
What is the units digit of 1584983423?
3
What is the ten millions digit of 267422878?
6
What is the hundreds digit of 391080388?
3
What is the ten thousands digit of 1986904938?
0
What is the hundred thousands digit of 90293230?
2
What is the hundreds digit of 597999767?
7
What is the units digit of 727791932?
2
What is the ten millions digit of 36992783?
3
What is the hundred thousands digit of 74634452?
6
What is the hundreds digit of 389985824?
8
What is the ten millions digit of 482134818?
8
What is the ten thousands digit of 260431311?
3
What is the units digit of 163954777?
7
What is the tens digit of 455